{"id":87161,"date":"2023-06-01T21:11:02","date_gmt":"2023-06-01T21:11:02","guid":{"rendered":"https:\/\/mattmrozowsky.com\/shop\/?post_type=product&#038;p=87161"},"modified":"2023-07-30T19:06:35","modified_gmt":"2023-07-30T19:06:35","slug":"ebook-skyrocket-your-sales","status":"publish","type":"product","link":"https:\/\/mattmrozowsky.com\/shop\/product\/ebook-skyrocket-your-sales\/","title":{"rendered":"Ebook: Skyrocket Your Sales! \/ Matt Mrozowsky"},"content":{"rendered":"<h2>Ebook: Skyrocket Your Sales! \/ Matt Mrozowsky<\/h2>\n<p>Fall in love with sales all over again, or the handbook of telephone sales<\/p>\n<p>Sales can be fascinating, sensual. Sales can be loved, you just need to understand it. In this book we will take you into the world of telephone sales in order to help you understand the fundamental principles that will make you fall in love with sales all over again.<\/p>\n<p>The important thing: the greatest sales effectiveness in telephone sales is in the persistence itself, not in the techniques themselves!<\/p>\n<p><strong>What you&#8217;ll learn:<\/strong><\/p>\n<ul>\n<li>Types of salespeople<\/li>\n<li>Types of customers<\/li>\n<li>Challenger in sales<\/li>\n<li>Theory of the Thre<\/li>\n<li>Needs Survey<\/li>\n<li>Objections<\/li>\n<li>Rules of Social Influence<\/li>\n<li>What makes listening difficult?<\/li>\n<\/ul>\n<p>Don&#8217;t wait and order your copy today!<\/p>\n","protected":false},"excerpt":{"rendered":"<p>Ebook: Skyrocket Your Sales! \/ Matt Mrozowsky Fall in love with sales all over again, or the handbook of telephone sales Sales can be fascinating, sensual. Sales can be loved, you just need to understand it. In this book we will take you into the world of telephone sales in order to help you understand [&hellip;]<\/p>\n","protected":false},"featured_media":87162,"template":"","meta":{"_acf_changed":false,"content-type":""},"product_brand":[],"product_cat":[68],"product_tag":[],"class_list":{"0":"post-87161","1":"product","2":"type-product","3":"status-publish","4":"has-post-thumbnail","6":"product_cat-ebooks","8":"first","9":"instock","10":"featured","11":"downloadable","12":"virtual","13":"taxable","14":"purchasable","15":"product-type-simple"},"acf":[],"yoast_head":"<!-- This site is optimized with the Yoast SEO plugin v27.3 - https:\/\/yoast.com\/product\/yoast-seo-wordpress\/ -->\n<title>Ebook: Skyrocket Your Sales! \/ Matt Mrozowsky - Matt Mrozowsky Business Trainer<\/title>\n<meta name=\"robots\" content=\"index, follow, max-snippet:-1, max-image-preview:large, max-video-preview:-1\" \/>\n<link rel=\"canonical\" href=\"https:\/\/mattmrozowsky.com\/shop\/product\/ebook-skyrocket-your-sales\/\" \/>\n<meta property=\"og:locale\" content=\"en_US\" \/>\n<meta property=\"og:type\" content=\"article\" \/>\n<meta property=\"og:title\" content=\"Ebook: Skyrocket Your Sales! \/ Matt Mrozowsky - Matt Mrozowsky Business Trainer\" \/>\n<meta property=\"og:description\" content=\"Ebook: Skyrocket Your Sales! \/ Matt Mrozowsky Fall in love with sales all over again, or the handbook of telephone sales Sales can be fascinating, sensual. Sales can be loved, you just need to understand it. In this book we will take you into the world of telephone sales in order to help you understand [&hellip;]\" \/>\n<meta property=\"og:url\" content=\"https:\/\/mattmrozowsky.com\/shop\/product\/ebook-skyrocket-your-sales\/\" \/>\n<meta property=\"og:site_name\" content=\"Matt Mrozowsky Business Trainer\" \/>\n<meta property=\"article:modified_time\" content=\"2023-07-30T19:06:35+00:00\" \/>\n<meta property=\"og:image\" content=\"https:\/\/mattmrozowsky.com\/shop\/wp-content\/uploads\/2023\/06\/ENG-COVERS-MATT.png\" \/>\n\t<meta property=\"og:image:width\" content=\"1080\" \/>\n\t<meta property=\"og:image:height\" content=\"1080\" \/>\n\t<meta property=\"og:image:type\" content=\"image\/png\" \/>\n<meta name=\"twitter:card\" content=\"summary_large_image\" \/>\n<meta name=\"twitter:label1\" content=\"Est. reading time\" \/>\n\t<meta name=\"twitter:data1\" content=\"1 minute\" \/>\n<script type=\"application\/ld+json\" class=\"yoast-schema-graph\">{\"@context\":\"https:\\\/\\\/schema.org\",\"@graph\":[{\"@type\":\"WebPage\",\"@id\":\"https:\\\/\\\/mattmrozowsky.com\\\/shop\\\/product\\\/ebook-skyrocket-your-sales\\\/\",\"url\":\"https:\\\/\\\/mattmrozowsky.com\\\/shop\\\/product\\\/ebook-skyrocket-your-sales\\\/\",\"name\":\"Ebook: Skyrocket Your Sales! \\\/ Matt Mrozowsky - Matt Mrozowsky Business Trainer\",\"isPartOf\":{\"@id\":\"https:\\\/\\\/mattmrozowsky.com\\\/shop\\\/#website\"},\"primaryImageOfPage\":{\"@id\":\"https:\\\/\\\/mattmrozowsky.com\\\/shop\\\/product\\\/ebook-skyrocket-your-sales\\\/#primaryimage\"},\"image\":{\"@id\":\"https:\\\/\\\/mattmrozowsky.com\\\/shop\\\/product\\\/ebook-skyrocket-your-sales\\\/#primaryimage\"},\"thumbnailUrl\":\"https:\\\/\\\/mattmrozowsky.com\\\/shop\\\/wp-content\\\/uploads\\\/2023\\\/06\\\/ENG-COVERS-MATT.png\",\"datePublished\":\"2023-06-01T21:11:02+00:00\",\"dateModified\":\"2023-07-30T19:06:35+00:00\",\"breadcrumb\":{\"@id\":\"https:\\\/\\\/mattmrozowsky.com\\\/shop\\\/product\\\/ebook-skyrocket-your-sales\\\/#breadcrumb\"},\"inLanguage\":\"en-US\",\"potentialAction\":[{\"@type\":\"ReadAction\",\"target\":[\"https:\\\/\\\/mattmrozowsky.com\\\/shop\\\/product\\\/ebook-skyrocket-your-sales\\\/\"]}]},{\"@type\":\"ImageObject\",\"inLanguage\":\"en-US\",\"@id\":\"https:\\\/\\\/mattmrozowsky.com\\\/shop\\\/product\\\/ebook-skyrocket-your-sales\\\/#primaryimage\",\"url\":\"https:\\\/\\\/mattmrozowsky.com\\\/shop\\\/wp-content\\\/uploads\\\/2023\\\/06\\\/ENG-COVERS-MATT.png\",\"contentUrl\":\"https:\\\/\\\/mattmrozowsky.com\\\/shop\\\/wp-content\\\/uploads\\\/2023\\\/06\\\/ENG-COVERS-MATT.png\",\"width\":1080,\"height\":1080},{\"@type\":\"BreadcrumbList\",\"@id\":\"https:\\\/\\\/mattmrozowsky.com\\\/shop\\\/product\\\/ebook-skyrocket-your-sales\\\/#breadcrumb\",\"itemListElement\":[{\"@type\":\"ListItem\",\"position\":1,\"name\":\"Home\",\"item\":\"https:\\\/\\\/mattmrozowsky.com\\\/shop\\\/\"},{\"@type\":\"ListItem\",\"position\":2,\"name\":\"Business training and sales courses\",\"item\":\"https:\\\/\\\/mattmrozowsky.com\\\/shop\\\/\"},{\"@type\":\"ListItem\",\"position\":3,\"name\":\"Ebook: Skyrocket Your Sales! \\\/ Matt Mrozowsky\"}]},{\"@type\":\"WebSite\",\"@id\":\"https:\\\/\\\/mattmrozowsky.com\\\/shop\\\/#website\",\"url\":\"https:\\\/\\\/mattmrozowsky.com\\\/shop\\\/\",\"name\":\"Matt Mrozowsky Business Trainer\",\"description\":\"Walcz\u0119 o wynik dla firm z kt\u00f3rymi wsp\u00f3\u0142pracuj\u0119.\",\"publisher\":{\"@id\":\"https:\\\/\\\/mattmrozowsky.com\\\/shop\\\/#organization\"},\"potentialAction\":[{\"@type\":\"SearchAction\",\"target\":{\"@type\":\"EntryPoint\",\"urlTemplate\":\"https:\\\/\\\/mattmrozowsky.com\\\/shop\\\/?s={search_term_string}\"},\"query-input\":{\"@type\":\"PropertyValueSpecification\",\"valueRequired\":true,\"valueName\":\"search_term_string\"}}],\"inLanguage\":\"en-US\"},{\"@type\":\"Organization\",\"@id\":\"https:\\\/\\\/mattmrozowsky.com\\\/shop\\\/#organization\",\"name\":\"Matt Mrozowsky Business Trainer\",\"url\":\"https:\\\/\\\/mattmrozowsky.com\\\/shop\\\/\",\"logo\":{\"@type\":\"ImageObject\",\"inLanguage\":\"en-US\",\"@id\":\"https:\\\/\\\/mattmrozowsky.com\\\/shop\\\/#\\\/schema\\\/logo\\\/image\\\/\",\"url\":\"https:\\\/\\\/mattmrozowsky.com\\\/shop\\\/wp-content\\\/uploads\\\/2023\\\/05\\\/logo-mattmrozowsky-black.png\",\"contentUrl\":\"https:\\\/\\\/mattmrozowsky.com\\\/shop\\\/wp-content\\\/uploads\\\/2023\\\/05\\\/logo-mattmrozowsky-black.png\",\"width\":202,\"height\":58,\"caption\":\"Matt Mrozowsky Business Trainer\"},\"image\":{\"@id\":\"https:\\\/\\\/mattmrozowsky.com\\\/shop\\\/#\\\/schema\\\/logo\\\/image\\\/\"}}]}<\/script>\n<!-- \/ Yoast SEO plugin. -->","yoast_head_json":{"title":"Ebook: Skyrocket Your Sales! \/ Matt Mrozowsky - Matt Mrozowsky Business Trainer","robots":{"index":"index","follow":"follow","max-snippet":"max-snippet:-1","max-image-preview":"max-image-preview:large","max-video-preview":"max-video-preview:-1"},"canonical":"https:\/\/mattmrozowsky.com\/shop\/product\/ebook-skyrocket-your-sales\/","og_locale":"en_US","og_type":"article","og_title":"Ebook: Skyrocket Your Sales! \/ Matt Mrozowsky - Matt Mrozowsky Business Trainer","og_description":"Ebook: Skyrocket Your Sales! \/ Matt Mrozowsky Fall in love with sales all over again, or the handbook of telephone sales Sales can be fascinating, sensual. Sales can be loved, you just need to understand it. In this book we will take you into the world of telephone sales in order to help you understand [&hellip;]","og_url":"https:\/\/mattmrozowsky.com\/shop\/product\/ebook-skyrocket-your-sales\/","og_site_name":"Matt Mrozowsky Business Trainer","article_modified_time":"2023-07-30T19:06:35+00:00","og_image":[{"width":1080,"height":1080,"url":"https:\/\/mattmrozowsky.com\/shop\/wp-content\/uploads\/2023\/06\/ENG-COVERS-MATT.png","type":"image\/png"}],"twitter_card":"summary_large_image","twitter_misc":{"Est. reading time":"1 minute"},"schema":{"@context":"https:\/\/schema.org","@graph":[{"@type":"WebPage","@id":"https:\/\/mattmrozowsky.com\/shop\/product\/ebook-skyrocket-your-sales\/","url":"https:\/\/mattmrozowsky.com\/shop\/product\/ebook-skyrocket-your-sales\/","name":"Ebook: Skyrocket Your Sales! \/ Matt Mrozowsky - Matt Mrozowsky Business Trainer","isPartOf":{"@id":"https:\/\/mattmrozowsky.com\/shop\/#website"},"primaryImageOfPage":{"@id":"https:\/\/mattmrozowsky.com\/shop\/product\/ebook-skyrocket-your-sales\/#primaryimage"},"image":{"@id":"https:\/\/mattmrozowsky.com\/shop\/product\/ebook-skyrocket-your-sales\/#primaryimage"},"thumbnailUrl":"https:\/\/mattmrozowsky.com\/shop\/wp-content\/uploads\/2023\/06\/ENG-COVERS-MATT.png","datePublished":"2023-06-01T21:11:02+00:00","dateModified":"2023-07-30T19:06:35+00:00","breadcrumb":{"@id":"https:\/\/mattmrozowsky.com\/shop\/product\/ebook-skyrocket-your-sales\/#breadcrumb"},"inLanguage":"en-US","potentialAction":[{"@type":"ReadAction","target":["https:\/\/mattmrozowsky.com\/shop\/product\/ebook-skyrocket-your-sales\/"]}]},{"@type":"ImageObject","inLanguage":"en-US","@id":"https:\/\/mattmrozowsky.com\/shop\/product\/ebook-skyrocket-your-sales\/#primaryimage","url":"https:\/\/mattmrozowsky.com\/shop\/wp-content\/uploads\/2023\/06\/ENG-COVERS-MATT.png","contentUrl":"https:\/\/mattmrozowsky.com\/shop\/wp-content\/uploads\/2023\/06\/ENG-COVERS-MATT.png","width":1080,"height":1080},{"@type":"BreadcrumbList","@id":"https:\/\/mattmrozowsky.com\/shop\/product\/ebook-skyrocket-your-sales\/#breadcrumb","itemListElement":[{"@type":"ListItem","position":1,"name":"Home","item":"https:\/\/mattmrozowsky.com\/shop\/"},{"@type":"ListItem","position":2,"name":"Business training and sales courses","item":"https:\/\/mattmrozowsky.com\/shop\/"},{"@type":"ListItem","position":3,"name":"Ebook: Skyrocket Your Sales! \/ Matt Mrozowsky"}]},{"@type":"WebSite","@id":"https:\/\/mattmrozowsky.com\/shop\/#website","url":"https:\/\/mattmrozowsky.com\/shop\/","name":"Matt Mrozowsky Business Trainer","description":"Walcz\u0119 o wynik dla firm z kt\u00f3rymi wsp\u00f3\u0142pracuj\u0119.","publisher":{"@id":"https:\/\/mattmrozowsky.com\/shop\/#organization"},"potentialAction":[{"@type":"SearchAction","target":{"@type":"EntryPoint","urlTemplate":"https:\/\/mattmrozowsky.com\/shop\/?s={search_term_string}"},"query-input":{"@type":"PropertyValueSpecification","valueRequired":true,"valueName":"search_term_string"}}],"inLanguage":"en-US"},{"@type":"Organization","@id":"https:\/\/mattmrozowsky.com\/shop\/#organization","name":"Matt Mrozowsky Business Trainer","url":"https:\/\/mattmrozowsky.com\/shop\/","logo":{"@type":"ImageObject","inLanguage":"en-US","@id":"https:\/\/mattmrozowsky.com\/shop\/#\/schema\/logo\/image\/","url":"https:\/\/mattmrozowsky.com\/shop\/wp-content\/uploads\/2023\/05\/logo-mattmrozowsky-black.png","contentUrl":"https:\/\/mattmrozowsky.com\/shop\/wp-content\/uploads\/2023\/05\/logo-mattmrozowsky-black.png","width":202,"height":58,"caption":"Matt Mrozowsky Business Trainer"},"image":{"@id":"https:\/\/mattmrozowsky.com\/shop\/#\/schema\/logo\/image\/"}}]}},"_links":{"self":[{"href":"https:\/\/mattmrozowsky.com\/shop\/wp-json\/wp\/v2\/product\/87161","targetHints":{"allow":["GET"]}}],"collection":[{"href":"https:\/\/mattmrozowsky.com\/shop\/wp-json\/wp\/v2\/product"}],"about":[{"href":"https:\/\/mattmrozowsky.com\/shop\/wp-json\/wp\/v2\/types\/product"}],"wp:featuredmedia":[{"embeddable":true,"href":"https:\/\/mattmrozowsky.com\/shop\/wp-json\/wp\/v2\/media\/87162"}],"wp:attachment":[{"href":"https:\/\/mattmrozowsky.com\/shop\/wp-json\/wp\/v2\/media?parent=87161"}],"wp:term":[{"taxonomy":"product_brand","embeddable":true,"href":"https:\/\/mattmrozowsky.com\/shop\/wp-json\/wp\/v2\/product_brand?post=87161"},{"taxonomy":"product_cat","embeddable":true,"href":"https:\/\/mattmrozowsky.com\/shop\/wp-json\/wp\/v2\/product_cat?post=87161"},{"taxonomy":"product_tag","embeddable":true,"href":"https:\/\/mattmrozowsky.com\/shop\/wp-json\/wp\/v2\/product_tag?post=87161"}],"curies":[{"name":"wp","href":"https:\/\/api.w.org\/{rel}","templated":true}]}}