{"id":87107,"date":"2023-05-25T11:58:59","date_gmt":"2023-05-25T11:58:59","guid":{"rendered":"https:\/\/mattmrozowsky.com\/shop\/product\/sales-revolution-1-tele-sales-online-course\/"},"modified":"2024-08-11T09:58:24","modified_gmt":"2024-08-11T09:58:24","slug":"tele-sales-revolution-online-course","status":"publish","type":"product","link":"https:\/\/mattmrozowsky.com\/shop\/product\/tele-sales-revolution-online-course\/","title":{"rendered":"Tele-Sales Revolution \u2013 online course"},"content":{"rendered":"<h2>Tele-Sales Revolution &#8211; Online Course Video<\/h2>\n<p>This online course will irreversibly change your approach to telephone sales. You will become an expert and an effective salesperson. The course is based on proprietary methods that you won&#8217;t find anywhere else. You will stop fighting with the customer by beating down his objections. You will learn how to make him curious, build an alliance with him and successfully close even the most difficult sale.<\/p>\n<p>Studies show that in telephone sales we have 3 times more time to make a positive impression than in person sales. So how do you increase your chances and be heard? Listening and communication skills have become the most desirable in the market today. Listening to the caller is the most important activity during communication. The customer needs to know that he is being listened to. Knowing the best sales techniques is not enough if we cannot read the message from the customer. A survey conducted by Walker Service and PWC Global shows that the quality of customer service matters much more than price or product. As many as 86% of customers are willing to accept a higher price for high quality service.<\/p>\n<p>When you buy this online course, you get unlimited access to the recordings and materials to download and implement the knowledge.<\/p>\n<h3>What will you learn about telephone sales from this training?<\/h3>\n<p>Telephone sales training will allow you to:<\/p>\n<p>&#8211; Understand <strong>how to start a conversation<\/strong> so you don&#8217;t hear &#8220;I&#8217;m not interested&#8221; right away.<br \/>\n&#8211; <strong>Increase sales over the phone<\/strong> and the number of appointments &#8211; we are 100% convinced of this!<br \/>\n&#8211; Increasing the quality of your conversations.<br \/>\n&#8211; <strong>Learning the specific steps of a telephone conversation<\/strong> on the basis of which you will create your own sales scripts.<br \/>\n&#8211; Up to 2,000 % increase in telephone sales.<br \/>\n&#8211; Prestige in the company and admiration of your colleagues and superiors.<br \/>\n&#8211; Internal satisfaction with sales results and your compensation.<\/p>\n<h3>The training includes, among others:<\/h3>\n<p>&#8211; <strong>27 rules of telephone<\/strong> conversation (thanks to which you will learn what mistakes 95% of salespeople make when selling over the phone)<br \/>\n&#8211; <strong>A template for a<\/strong> telephone conversation<br \/>\n&#8211; <strong>A matrix of asking questions<\/strong> (which will totally change your approach to telephone sales)<br \/>\n&#8211; Dealing with objections <strong>4-STEPS method<\/strong><br \/>\n&#8211; <strong>Needs survey<\/strong><br \/>\n&#8211; <strong>Benefit language<\/strong><br \/>\n&#8211; Types of customers<\/p>\n<p><strong>Do you want to receive fantastic knowledge and become a master of telephone sales?<\/strong><\/p>\n<p><strong>Order, test this course and fall in love with telephone sales!<\/strong><\/p>\n","protected":false},"excerpt":{"rendered":"<p>Tele-Sales Revolution &#8211; Online Course Video This online course will irreversibly change your approach to telephone sales. You will become an expert and an effective salesperson. The course is based on proprietary methods that you won&#8217;t find anywhere else. You will stop fighting with the customer by beating down his objections. You will learn how [&hellip;]<\/p>\n","protected":false},"featured_media":87154,"template":"","meta":{"_acf_changed":false,"content-type":""},"product_brand":[],"product_cat":[63],"product_tag":[],"class_list":{"0":"post-87107","1":"product","2":"type-product","3":"status-publish","4":"has-post-thumbnail","6":"product_cat-online-courses","8":"first","9":"instock","10":"featured","11":"virtual","12":"sold-individually","13":"taxable","14":"purchasable","15":"product-type-simple"},"acf":[],"yoast_head":"<!-- This site is optimized with the Yoast SEO plugin v27.3 - https:\/\/yoast.com\/product\/yoast-seo-wordpress\/ -->\n<title>Tele-Sales Revolution \u2013 online course - Matt Mrozowsky Business Trainer<\/title>\n<meta name=\"robots\" content=\"index, follow, max-snippet:-1, max-image-preview:large, max-video-preview:-1\" \/>\n<link rel=\"canonical\" href=\"https:\/\/mattmrozowsky.com\/shop\/product\/tele-sales-revolution-online-course\/\" \/>\n<meta property=\"og:locale\" content=\"en_US\" \/>\n<meta property=\"og:type\" content=\"article\" \/>\n<meta property=\"og:title\" content=\"Tele-Sales Revolution \u2013 online course - Matt Mrozowsky Business Trainer\" \/>\n<meta property=\"og:description\" content=\"Tele-Sales Revolution &#8211; Online Course Video This online course will irreversibly change your approach to telephone sales. You will become an expert and an effective salesperson. The course is based on proprietary methods that you won&#8217;t find anywhere else. You will stop fighting with the customer by beating down his objections. You will learn how [&hellip;]\" \/>\n<meta property=\"og:url\" content=\"https:\/\/mattmrozowsky.com\/shop\/product\/tele-sales-revolution-online-course\/\" \/>\n<meta property=\"og:site_name\" content=\"Matt Mrozowsky Business Trainer\" \/>\n<meta property=\"article:modified_time\" content=\"2024-08-11T09:58:24+00:00\" \/>\n<meta property=\"og:image\" content=\"https:\/\/mattmrozowsky.com\/shop\/wp-content\/uploads\/2023\/05\/tele-saleso.png\" \/>\n\t<meta property=\"og:image:width\" content=\"1080\" \/>\n\t<meta property=\"og:image:height\" content=\"1080\" \/>\n\t<meta property=\"og:image:type\" content=\"image\/png\" \/>\n<meta name=\"twitter:card\" content=\"summary_large_image\" \/>\n<meta name=\"twitter:label1\" content=\"Est. reading time\" \/>\n\t<meta name=\"twitter:data1\" content=\"2 minutes\" \/>\n<script type=\"application\/ld+json\" class=\"yoast-schema-graph\">{\"@context\":\"https:\\\/\\\/schema.org\",\"@graph\":[{\"@type\":\"WebPage\",\"@id\":\"https:\\\/\\\/mattmrozowsky.com\\\/shop\\\/product\\\/tele-sales-revolution-online-course\\\/\",\"url\":\"https:\\\/\\\/mattmrozowsky.com\\\/shop\\\/product\\\/tele-sales-revolution-online-course\\\/\",\"name\":\"Tele-Sales Revolution \u2013 online course - Matt Mrozowsky Business Trainer\",\"isPartOf\":{\"@id\":\"https:\\\/\\\/mattmrozowsky.com\\\/shop\\\/#website\"},\"primaryImageOfPage\":{\"@id\":\"https:\\\/\\\/mattmrozowsky.com\\\/shop\\\/product\\\/tele-sales-revolution-online-course\\\/#primaryimage\"},\"image\":{\"@id\":\"https:\\\/\\\/mattmrozowsky.com\\\/shop\\\/product\\\/tele-sales-revolution-online-course\\\/#primaryimage\"},\"thumbnailUrl\":\"https:\\\/\\\/mattmrozowsky.com\\\/shop\\\/wp-content\\\/uploads\\\/2023\\\/05\\\/tele-saleso.png\",\"datePublished\":\"2023-05-25T11:58:59+00:00\",\"dateModified\":\"2024-08-11T09:58:24+00:00\",\"breadcrumb\":{\"@id\":\"https:\\\/\\\/mattmrozowsky.com\\\/shop\\\/product\\\/tele-sales-revolution-online-course\\\/#breadcrumb\"},\"inLanguage\":\"en-US\",\"potentialAction\":[{\"@type\":\"ReadAction\",\"target\":[\"https:\\\/\\\/mattmrozowsky.com\\\/shop\\\/product\\\/tele-sales-revolution-online-course\\\/\"]}]},{\"@type\":\"ImageObject\",\"inLanguage\":\"en-US\",\"@id\":\"https:\\\/\\\/mattmrozowsky.com\\\/shop\\\/product\\\/tele-sales-revolution-online-course\\\/#primaryimage\",\"url\":\"https:\\\/\\\/mattmrozowsky.com\\\/shop\\\/wp-content\\\/uploads\\\/2023\\\/05\\\/tele-saleso.png\",\"contentUrl\":\"https:\\\/\\\/mattmrozowsky.com\\\/shop\\\/wp-content\\\/uploads\\\/2023\\\/05\\\/tele-saleso.png\",\"width\":1080,\"height\":1080},{\"@type\":\"BreadcrumbList\",\"@id\":\"https:\\\/\\\/mattmrozowsky.com\\\/shop\\\/product\\\/tele-sales-revolution-online-course\\\/#breadcrumb\",\"itemListElement\":[{\"@type\":\"ListItem\",\"position\":1,\"name\":\"Home\",\"item\":\"https:\\\/\\\/mattmrozowsky.com\\\/shop\\\/\"},{\"@type\":\"ListItem\",\"position\":2,\"name\":\"Business training and sales courses\",\"item\":\"https:\\\/\\\/mattmrozowsky.com\\\/shop\\\/\"},{\"@type\":\"ListItem\",\"position\":3,\"name\":\"Tele-Sales Revolution \u2013 online course\"}]},{\"@type\":\"WebSite\",\"@id\":\"https:\\\/\\\/mattmrozowsky.com\\\/shop\\\/#website\",\"url\":\"https:\\\/\\\/mattmrozowsky.com\\\/shop\\\/\",\"name\":\"Matt Mrozowsky Business Trainer\",\"description\":\"Walcz\u0119 o wynik dla firm z kt\u00f3rymi wsp\u00f3\u0142pracuj\u0119.\",\"publisher\":{\"@id\":\"https:\\\/\\\/mattmrozowsky.com\\\/shop\\\/#organization\"},\"potentialAction\":[{\"@type\":\"SearchAction\",\"target\":{\"@type\":\"EntryPoint\",\"urlTemplate\":\"https:\\\/\\\/mattmrozowsky.com\\\/shop\\\/?s={search_term_string}\"},\"query-input\":{\"@type\":\"PropertyValueSpecification\",\"valueRequired\":true,\"valueName\":\"search_term_string\"}}],\"inLanguage\":\"en-US\"},{\"@type\":\"Organization\",\"@id\":\"https:\\\/\\\/mattmrozowsky.com\\\/shop\\\/#organization\",\"name\":\"Matt Mrozowsky Business Trainer\",\"url\":\"https:\\\/\\\/mattmrozowsky.com\\\/shop\\\/\",\"logo\":{\"@type\":\"ImageObject\",\"inLanguage\":\"en-US\",\"@id\":\"https:\\\/\\\/mattmrozowsky.com\\\/shop\\\/#\\\/schema\\\/logo\\\/image\\\/\",\"url\":\"https:\\\/\\\/mattmrozowsky.com\\\/shop\\\/wp-content\\\/uploads\\\/2023\\\/05\\\/logo-mattmrozowsky-black.png\",\"contentUrl\":\"https:\\\/\\\/mattmrozowsky.com\\\/shop\\\/wp-content\\\/uploads\\\/2023\\\/05\\\/logo-mattmrozowsky-black.png\",\"width\":202,\"height\":58,\"caption\":\"Matt Mrozowsky Business Trainer\"},\"image\":{\"@id\":\"https:\\\/\\\/mattmrozowsky.com\\\/shop\\\/#\\\/schema\\\/logo\\\/image\\\/\"}}]}<\/script>\n<!-- \/ Yoast SEO plugin. -->","yoast_head_json":{"title":"Tele-Sales Revolution \u2013 online course - Matt Mrozowsky Business Trainer","robots":{"index":"index","follow":"follow","max-snippet":"max-snippet:-1","max-image-preview":"max-image-preview:large","max-video-preview":"max-video-preview:-1"},"canonical":"https:\/\/mattmrozowsky.com\/shop\/product\/tele-sales-revolution-online-course\/","og_locale":"en_US","og_type":"article","og_title":"Tele-Sales Revolution \u2013 online course - Matt Mrozowsky Business Trainer","og_description":"Tele-Sales Revolution &#8211; Online Course Video This online course will irreversibly change your approach to telephone sales. You will become an expert and an effective salesperson. The course is based on proprietary methods that you won&#8217;t find anywhere else. You will stop fighting with the customer by beating down his objections. You will learn how [&hellip;]","og_url":"https:\/\/mattmrozowsky.com\/shop\/product\/tele-sales-revolution-online-course\/","og_site_name":"Matt Mrozowsky Business Trainer","article_modified_time":"2024-08-11T09:58:24+00:00","og_image":[{"width":1080,"height":1080,"url":"https:\/\/mattmrozowsky.com\/shop\/wp-content\/uploads\/2023\/05\/tele-saleso.png","type":"image\/png"}],"twitter_card":"summary_large_image","twitter_misc":{"Est. reading time":"2 minutes"},"schema":{"@context":"https:\/\/schema.org","@graph":[{"@type":"WebPage","@id":"https:\/\/mattmrozowsky.com\/shop\/product\/tele-sales-revolution-online-course\/","url":"https:\/\/mattmrozowsky.com\/shop\/product\/tele-sales-revolution-online-course\/","name":"Tele-Sales Revolution \u2013 online course - Matt Mrozowsky Business Trainer","isPartOf":{"@id":"https:\/\/mattmrozowsky.com\/shop\/#website"},"primaryImageOfPage":{"@id":"https:\/\/mattmrozowsky.com\/shop\/product\/tele-sales-revolution-online-course\/#primaryimage"},"image":{"@id":"https:\/\/mattmrozowsky.com\/shop\/product\/tele-sales-revolution-online-course\/#primaryimage"},"thumbnailUrl":"https:\/\/mattmrozowsky.com\/shop\/wp-content\/uploads\/2023\/05\/tele-saleso.png","datePublished":"2023-05-25T11:58:59+00:00","dateModified":"2024-08-11T09:58:24+00:00","breadcrumb":{"@id":"https:\/\/mattmrozowsky.com\/shop\/product\/tele-sales-revolution-online-course\/#breadcrumb"},"inLanguage":"en-US","potentialAction":[{"@type":"ReadAction","target":["https:\/\/mattmrozowsky.com\/shop\/product\/tele-sales-revolution-online-course\/"]}]},{"@type":"ImageObject","inLanguage":"en-US","@id":"https:\/\/mattmrozowsky.com\/shop\/product\/tele-sales-revolution-online-course\/#primaryimage","url":"https:\/\/mattmrozowsky.com\/shop\/wp-content\/uploads\/2023\/05\/tele-saleso.png","contentUrl":"https:\/\/mattmrozowsky.com\/shop\/wp-content\/uploads\/2023\/05\/tele-saleso.png","width":1080,"height":1080},{"@type":"BreadcrumbList","@id":"https:\/\/mattmrozowsky.com\/shop\/product\/tele-sales-revolution-online-course\/#breadcrumb","itemListElement":[{"@type":"ListItem","position":1,"name":"Home","item":"https:\/\/mattmrozowsky.com\/shop\/"},{"@type":"ListItem","position":2,"name":"Business training and sales courses","item":"https:\/\/mattmrozowsky.com\/shop\/"},{"@type":"ListItem","position":3,"name":"Tele-Sales Revolution \u2013 online course"}]},{"@type":"WebSite","@id":"https:\/\/mattmrozowsky.com\/shop\/#website","url":"https:\/\/mattmrozowsky.com\/shop\/","name":"Matt Mrozowsky Business Trainer","description":"Walcz\u0119 o wynik dla firm z kt\u00f3rymi wsp\u00f3\u0142pracuj\u0119.","publisher":{"@id":"https:\/\/mattmrozowsky.com\/shop\/#organization"},"potentialAction":[{"@type":"SearchAction","target":{"@type":"EntryPoint","urlTemplate":"https:\/\/mattmrozowsky.com\/shop\/?s={search_term_string}"},"query-input":{"@type":"PropertyValueSpecification","valueRequired":true,"valueName":"search_term_string"}}],"inLanguage":"en-US"},{"@type":"Organization","@id":"https:\/\/mattmrozowsky.com\/shop\/#organization","name":"Matt Mrozowsky Business Trainer","url":"https:\/\/mattmrozowsky.com\/shop\/","logo":{"@type":"ImageObject","inLanguage":"en-US","@id":"https:\/\/mattmrozowsky.com\/shop\/#\/schema\/logo\/image\/","url":"https:\/\/mattmrozowsky.com\/shop\/wp-content\/uploads\/2023\/05\/logo-mattmrozowsky-black.png","contentUrl":"https:\/\/mattmrozowsky.com\/shop\/wp-content\/uploads\/2023\/05\/logo-mattmrozowsky-black.png","width":202,"height":58,"caption":"Matt Mrozowsky Business Trainer"},"image":{"@id":"https:\/\/mattmrozowsky.com\/shop\/#\/schema\/logo\/image\/"}}]}},"_links":{"self":[{"href":"https:\/\/mattmrozowsky.com\/shop\/wp-json\/wp\/v2\/product\/87107","targetHints":{"allow":["GET"]}}],"collection":[{"href":"https:\/\/mattmrozowsky.com\/shop\/wp-json\/wp\/v2\/product"}],"about":[{"href":"https:\/\/mattmrozowsky.com\/shop\/wp-json\/wp\/v2\/types\/product"}],"wp:featuredmedia":[{"embeddable":true,"href":"https:\/\/mattmrozowsky.com\/shop\/wp-json\/wp\/v2\/media\/87154"}],"wp:attachment":[{"href":"https:\/\/mattmrozowsky.com\/shop\/wp-json\/wp\/v2\/media?parent=87107"}],"wp:term":[{"taxonomy":"product_brand","embeddable":true,"href":"https:\/\/mattmrozowsky.com\/shop\/wp-json\/wp\/v2\/product_brand?post=87107"},{"taxonomy":"product_cat","embeddable":true,"href":"https:\/\/mattmrozowsky.com\/shop\/wp-json\/wp\/v2\/product_cat?post=87107"},{"taxonomy":"product_tag","embeddable":true,"href":"https:\/\/mattmrozowsky.com\/shop\/wp-json\/wp\/v2\/product_tag?post=87107"}],"curies":[{"name":"wp","href":"https:\/\/api.w.org\/{rel}","templated":true}]}}